f c?
3
Let k = -11 + 29. What is the tens digit of k?
1
Let m(o) = 2*o**3 - 5*o**2 + 2*o + 3. What is the tens digit of m(3)?
1
Let l(v) = -v**2 + 29*v + 17. What is the tens digit of l(14)?
2
Suppose -4*x = -112 + 4. What is the tens digit of x?
2
Suppose 4*s - 8*s + 1116 = 4*o, 4*s = -2*o + 568. Let t be o/10 + (-4)/10. Suppose t + 6 = 3*l. What is the units digit of l?
1
Suppose -6*q = -5*q - 25. Let y = q - 18. Suppose -j + y = -h - 0, -56 = -5*j - 2*h. What is the units digit of j?
0
What is the units digit of (994/(-28))/(1/(-10))?
5
Suppose 8 = 4*b, b + 32 = 5*n - 3*b. Let o be ((-11)/4)/(2/(-8)). Let y = o - n. What is the units digit of y?
3
What is the units digit of 8/20 + (-3592)/(-20)?
0
Let s = -2 + 3. Let r = s - 3. Let v = 3 + r. What is the units digit of v?
1
Suppose -4*s = 3*f + 12, -3*f + 2*s = -0 - 6. Let b = 3 - f. What is the units digit of b?
3
Let l(z) = z + 38. What is the units digit of l(-9)?
9
Let n = -2 - -4. What is the units digit of (5 - n)*1 - -5?
8
Let v(p) = -6*p - 11. Let j be 6/2 + (-14 - -2). What is the units digit of v(j)?
3
Let f(m) = 17*m**2 - 2*m - 5. What is the tens digit of f(3)?
4
Let d(h) = -h**2 - 6*h - 4. Let j be d(-6). Let p = j + 10. What is the units digit of 28/6 + (-4)/p?
4
Let k = 56 + 41. What is the tens digit of k?
9
Suppose d - 4*d = 3. Let g = d + 3. Suppose 0 = -0*r - g*r + 2. What is the units digit of r?
1
Let b(n) = n**3 + 5*n**2 - 6*n. Let c be b(-6). Let g = c - 0. Suppose g - 8 = -d. What is the units digit of d?
8
Let l be -3*(2/(-3))/(-1). Let p be 42*(-1 - l)/3. What is the units digit of (-680)/(-35) - 6/p?
9
Let a = -45 - -129. What is the units digit of a?
4
Let p = 52 - 46. What is the units digit of p?
6
Let t be 2/5 + 8/5. Suppose t + 3 = w. Suppose 3*z + n - 25 = -0*n, 0 = w*n + 25. What is the tens digit of z?
1
Let v = 6 - 3. Let g = -1 - v. What is the units digit of 5 - (-1)/((-2)/g)?
7
Suppose -o + 6*n + 18 = 4*n, n = -2. What is the units digit of o?
4
Let b(m) = m**2 + 6*m - 7. Let z be b(-7). Suppose z = 5*r - 117 + 47. What is the units digit of r?
4
Suppose 5*p = -r + 3 + 182, -5*r + p + 899 = 0. What is the units digit of r?
0
Let r(z) = z - 4. Let v be r(6). Let q = -19 - -27. Let k = v + q. What is the tens digit of k?
1
Suppose 0 = -2*f, -2*f = 4*q - 0*f - 8. Suppose -q*u = 3*u - 165. What is the tens digit of u?
3
Let h(t) = t**3 + 4*t**2 - 5*t + 3. Let q(p) = -3*p**3 - 11*p**2 + 15*p - 10. Let o(a) = -7*h(a) - 2*q(a). What is the tens digit of o(-7)?
1
Suppose -6*s + 7*s - 21 = 0. Let o = s + -13. What is the units digit of o?
8
What is the tens digit of ((2 - -1) + 136)/1?
3
Suppose -4*g + 9 = -g. Suppose 3*z + 96 = g*c, 109 + 22 = 4*c - 5*z. What is the tens digit of c?
2
Let q = -127 + 237. What is the tens digit of q?
1
Let k(a) = 2*a**2 + 8*a**2 - a + 0*a**2 - 4*a**2. What is the units digit of k(1)?
5
Let d(s) = s**3 - 3*s**2 - 5*s + 6. Let q be d(4). Let w(u) = 1 + 0*u - q*u + 4*u**2 + 11*u**2. What is the units digit of w(1)?
4
Let x be ((-6)/(-4))/(2/(-4)). Let f = -1 - x. What is the units digit of f?
2
Let z(r) = -r**2 + 9*r + 2. Let t be z(9). Let v(g) = 5*g**2 - g. Let y be v(t). Suppose 0 = p - 2, 2*b - b = -2*p + y. What is the units digit of b?
4
Let m(v) = 18*v**3 + v**2 - v + 1. What is the units digit of m(1)?
9
Suppose -3*u - 2*c + 868 = 0, 5*c - 2*c - 1446 = -5*u. What is the units digit of u?
8
Let r(q) = -9*q**3 - 2*q**2 - q + 4. Let j(o) = -5*o**3 - o**2 - o + 2. Let z(b) = -5*j(b) + 3*r(b). What is the units digit of z(-2)?
0
What is the units digit of (5/(-10))/((-1)/68)?
4
Suppose 0 = -5*h, -2*y + h + 5 = -7. Let b = 43 - 24. Suppose p = -4*j + b, 3*j + 4*p = 5 + y. What is the units digit of j?
5
Let y(i) = i**2 - 2*i + 3. What is the tens digit of y(4)?
1
Suppose -2*x + 92 = -88. What is the units digit of x?
0
Suppose 3*a - w + 4*w = -60, 3*w - 15 = 0. What is the units digit of (a/20)/((-2)/8)?
5
Suppose 47*j - 45*j = 412. What is the tens digit of j?
0
Let h be (-8)/(-6)*147/14. Suppose -l = 4 - h. What is the tens digit of l?
1
Suppose -4*v + 6*o = 3*o - 106, 3*v = 4*o + 76. What is the tens digit of v?
2
Let s(v) = v**3 - 7*v**2 + 8*v - 8. Let t be s(6). Suppose 4*o + 1 = 21. Suppose 3*d - m + t = o, -m = d - 3. What is the units digit of d?
1
Let s be (3 - (2 + 2)) + 0. What is the units digit of (4 - 10)*s/2?
3
Suppose 172 = 6*w - 10*w. Suppose -4*j + 0*j = 84. Let b = j - w. What is the units digit of b?
2
Let g = 8 - -6. What is the tens digit of g?
1
Suppose -4*c + 4*u = -164, 3*c + 3*u - 16 = 119. Let f = c + -23. Suppose 2*o + f = 7*o. What is the units digit of o?
4
Let z = -7 - -12. Let a(k) = k**3 - 17*k**2 + 20*k - 24. Let l be a(16). Suppose -3*v + 0 = -4*u - 31, -l = -4*v + z*u. What is the units digit of v?
5
Let a = 6 - 4. Suppose -a = -4*j + 10. Suppose 3*z - j = 3. What is the units digit of z?
2
Suppose x + 4*x = 0. Suppose x = -3*o + 15 + 15. Suppose 4*n + 2 = -z - 0*z, 2*n = 4*z - o. What is the units digit of z?
2
Let m(k) = 15*k**2 - 20*k - 14. What is the hundreds digit of m(6)?
4
Suppose 6*b - 2*b + 30 = 5*w, 6 = w - 5*b. Suppose -16 = -5*k - w. What is the tens digit of k/((-2)/5)*-2?
1
Let n be 6/(1 - 4/3). What is the tens digit of (-10*3)/(27/n)?
2
Let q = 189 + -50. What is the units digit of q?
9
Let z = -18 + 29. What is the units digit of z?
1
Suppose -3*k + 4*m = 1, -2*m + 4*m + 2 = 2*k. Suppose -k*g + 3 = -7. What is the units digit of g?
2
Suppose 3*d + 320 = 7*d. What is the tens digit of d?
8
Suppose 4*r = 8, -t + 5*r = r + 1. Let b = -3 + t. Suppose -5*f + 2*f = 0, -b*l + 40 = -2*f. What is the units digit of l?
0
What is the hundreds digit of (-5)/(25/(-570)) + -4?
1
Suppose -y + 22 = 3. Suppose 2*l = 2*a - 13 - y, 0 = 4*a - l - 58. Suppose -5*c + a = -16. What is the units digit of c?
6
Let y(t) = -139*t**3 - t**2 - t - 1. What is the tens digit of y(-1)?
3
Let y = -82 + 145. Let p = 128 - y. Suppose -30 + 82 = 4*w + 5*q, 5*w - 5*q = p. What is the units digit of w?
3
Let i(h) = -h**3 + 11*h**2 + 14*h - 24. What is the tens digit of i(11)?
3
Let l be (4/(-6))/(2/15). Let r = l - -7. What is the units digit of r?
2
Let y be 5 - 6/2 - -53. Let t = 85 - y. What is the units digit of t?
0
Suppose 4*g + 10 = -2. Let d = 5 - g. What is the units digit of d?
8
What is the units digit of (-2 + (-6)/(-2))*5?
5
What is the tens digit of ((-9)/(-6))/((-6)/(-152))?
3
Let z be (3/(-2))/(6/(-8)). Let x be z/((1/(-2))/(-1)). Suppose 0 = x*f - 6*f + 6. What is the units digit of f?
3
Let n(p) = p**2 + p + 5. Let g be n(0). Suppose -3*f - 4*i + 17 = -0*i, -39 = -g*f + 4*i. What is the units digit of f?
7
Suppose -2*n + 6 = 2. Suppose -4*a + n*w - 44 = -0*w, -a = -w + 12. Let k = a - -18. What is the units digit of k?
8
Let v = -128 - -237. What is the hundreds digit of v?
1
Let x(f) = 44*f - 19. What is the tens digit of x(4)?
5
What is the units digit of (-357)/(-6) + 2/4?
0
Suppose -2*d + 23 = -73. What is the tens digit of d?
4
Let s(r) = -10*r + 1. What is the units digit of s(-9)?
1
Let o = 114 - 72. What is the tens digit of o?
4
Suppose -4*s + 46 = -z - 37, 0 = 4*s - 4*z - 68. What is the tens digit of s?
2
Suppose -13 = -4*m + 19. What is the units digit of m?
8
Let g be ((-6)/4)/(1/(-6)). Let x be 1/(2*1/(-2)). Let c = x + g. What is the units digit of c?
8
Suppose -3*s - 2*x = -21, 5*s - 5*x = -0*s + 10. Let q(v) = v**2 - v. Let f be q(5). Suppose -f = -s*z + z. What is the units digit of z?
5
Suppose -41 - 16 = -3*r. Let c = 3 + r. What is the units digit of c?
2
What is the tens digit of 2/(-19) + 40464/304?
3
Let w be (-4)/6 + 2/(-6). Let u(i) = -4*i**3 + i**2 + 2*i + 1. Let z be u(-1). Let h = z - w. What is the units digit of h?
5
Let l(f) = -f**3 + 2*f + 0*f**3 - 2 + 7*f**2 - 7*f. What is the units digit of l(5)?
3
Let q(x) = 7*x**2 + 8*x - 3. What is the hundreds digit of q(-6)?
2
Let k(y) = -y**3 - y**2 + 9. Suppose -5*i = 3*w + 3, 4*i - 5 = -0*w + 5*w. What is the units digit of k(i)?
9
Let y = 9 - 5. Let l = y + -7. Let u = 7 + l. What is the units digit of u?
4
Let p(n) = -3*n + 2. Let d be -6 + -1 + (-5 - -8). What is the units digit of p(d)?
4
Suppose 0 = 7*z - 3*z - 88. Suppose -z = -5*q - 3*r, -2*q - 5 = -2*r - 1. Suppose q*n = 4*v - 0*v, -5*v + 5 = 0. What is the